{"id":7,"date":"2025-04-25T13:56:02","date_gmt":"2025-04-25T13:56:02","guid":{"rendered":"http:\/\/anaszewicz.pl\/?page_id=7"},"modified":"2025-05-22T11:24:44","modified_gmt":"2025-05-22T11:24:44","slug":"marcin-anaszewicz","status":"publish","type":"page","link":"https:\/\/anaszewicz.pl\/","title":{"rendered":"dr Marcin Anaszewicz"},"content":{"rendered":"\n<h5 class=\"wp-block-heading\">doktor nauk spo\u0142ecznych, prawnik, politolog<\/h5>\n\n\n\n<figure class=\"wp-block-image aligncenter size-large is-resized\" style=\"margin-right:0;margin-left:0\"><img loading=\"lazy\" decoding=\"async\" width=\"1024\" height=\"432\" src=\"http:\/\/anaszewicz.pl\/wp-content\/uploads\/2025\/04\/1460x616-1024x432.jpeg\" alt=\"\" class=\"wp-image-17\" style=\"width:1290px;height:auto\" srcset=\"https:\/\/anaszewicz.pl\/wp-content\/uploads\/2025\/04\/1460x616-1024x432.jpeg 1024w, https:\/\/anaszewicz.pl\/wp-content\/uploads\/2025\/04\/1460x616-300x127.jpeg 300w, https:\/\/anaszewicz.pl\/wp-content\/uploads\/2025\/04\/1460x616-768x324.jpeg 768w, https:\/\/anaszewicz.pl\/wp-content\/uploads\/2025\/04\/1460x616.jpeg 1460w\" sizes=\"auto, (max-width: 1024px) 100vw, 1024px\" \/><\/figure>\n\n\n\n<p><strong>Doktor nauk spo\u0142ecznych (Uniwersytet Warszawski), prawnik (Uniwersytet SWPS), politolog (Uniwersytet Warszawski), absolwent Zarz\u0105dzania Warto\u015bci\u0105 Firmy (Szko\u0142a G\u0142\u00f3wna Handlowa) oraz Szko\u0142y Lider\u00f3w im. Zbigniewa Pe\u0142czy\u0144skiego<\/strong><\/p>\n\n\n\n<p>Marcin Anaszewicz posiada wieloletnie do\u015bwiadczenie w administracji samorz\u0105dowej i rz\u0105dowej, zdobyte na stanowiskach specjalistycznych i kierowniczych, m.in. w Urz\u0119dzie Marsza\u0142kowskim w \u0141odzi oraz Agencji Rynku Rolnego, a tak\u017ce w Urz\u0119dzie Miasta S\u0142upska, gdzie pe\u0142ni\u0142 funkcje Dyrektora Biura Prezydenta i Dyrektora Strategicznego. Odpowiada\u0142 m.in. za polityk\u0119 informacyjn\u0105, dialog spo\u0142eczny, kontrol\u0119 i audyt wewn\u0119trzny oraz nadz\u00f3r w\u0142a\u015bcicielski nad sp\u00f3\u0142kami komunalnymi, takimi jak Wodoci\u0105gi S\u0142upsk sp. z o.o., Przedsi\u0119biorstwo Gospodarki Komunalnej sp. z o.o. oraz Miejski Zak\u0142ad Komunikacji sp. z o.o.<\/p>\n\n\n\n<p>Jest by\u0142ym Zast\u0119pc\u0105 Dyrektora Marketingu Korporacyjnego i Rzecznikiem Prasowym Dyrektora Generalnego Poczty Polskiej. Aktywnie uczestniczy\u0142 w tworzeniu strategii rozwoju Poczty Polskiej oraz w opracowaniu pierwszego planu jej komercjalizacji.<\/p>\n\n\n\n<p>W sektorze prywatnym Marcin Anaszewicz bra\u0142 udzia\u0142 w projektach restrukturyzacyjnych i rozwojowych w bran\u017cy ksi\u0119garsko-wydawniczej. Pe\u0142ni\u0142 funkcje Dyrektora Operacyjnego i Dyrektora Finansowego WKRA S.A., Prezesa Zarz\u0105du Dom Ksi\u0105\u017cki Warszawa sp. z o.o. oraz Cz\u0142onka Zarz\u0105du Bookhouse Cafe S.A. Obecnie jest Cz\u0142onkiem Rady Nadzorczej Wydawnictwa Pozna\u0144skiego sp. z o.o.<\/p>\n\n\n\n<p>W bran\u017cy FMCG realizowa\u0142 projekty badawczo-rozwojowe (doradca strategiczny Pamapol S.A., WZPOW Kwidzyn, CENOS sp. z o.o.), zajmowa\u0142 si\u0119 komunikacj\u0105 marketingow\u0105 jako Dyrektor Marketingu Konsumenckiego Pamapol S.A. oraz pe\u0142ni\u0142 funkcj\u0119 Rzecznika Prasowego Grupy Kapita\u0142owej Pamapol.<\/p>\n\n\n\n<p>By\u0142 Prezesem Zarz\u0105du Instytutu My\u015bli Demokratycznej. W latach 2014-2025 by\u0142 Prezesem Zarz\u0105du Green REV Institute, a tak\u017ce do 2025 Cz\u0142onkiem Zarz\u0105du European FEM Institute. Jest laureatem XI edycji konkursu \u201eBia\u0142ej Wst\u0105\u017cki\u201d, nagrody przyznawanej przez Centrum Praw Kobiet oraz Fundacj\u0119 Jolanty Kwa\u015bniewskiej \u201ePorozumienie Bez Barier\u201d m\u0119\u017cczyznom wyr\u00f3\u017cniaj\u0105cym si\u0119 w dzia\u0142aniach na rzecz praw kobiet.<\/p>\n\n\n\n<p>Marcin Anaszewicz zosta\u0142 powo\u0142any przez Ministra Nauki i Szkolnictwa Wy\u017cszego na Cz\u0142onka Rady Narodowego Centrum Bada\u0144 i Rozwoju na czteroletni\u0105 kadencj\u0119 trwaj\u0105c\u0105 do dnia 16 stycznia 2029 roku. Jest cz\u0142onkiem Komisji ds. strategicznych program\u00f3w bada\u0144 naukowych i prac rozwojowych oraz Przewodnicz\u0105cym Zespo\u0142u ds. komitet\u00f3w steruj\u0105cych program\u00f3w strategicznych.<\/p>\n\n\n\n<p>Jest cz\u0142onkiem Polskiego Towarzystwa Komunikacji Spo\u0142ecznej oraz Polskiego Towarzystwa Ekonomicznego, a tak\u017ce cz\u0142onkiem Rady Interesariuszy Wydzia\u0142u Nauk Politycznych i Studi\u00f3w Mi\u0119dzynarodowych Uniwersytetu Warszawskiego.<\/p>\n\n\n\n<p><\/p>\n","protected":false},"excerpt":{"rendered":"<p>doktor nauk spo\u0142ecznych, prawnik, politolog Doktor nauk spo\u0142ecznych (Uniwersytet Warszawski), prawnik (Uniwersytet SWPS), politolog (Uniwersytet Warszawski), absolwent Zarz\u0105dzania Warto\u015bci\u0105 Firmy (Szko\u0142a G\u0142\u00f3wna Handlowa) oraz Szko\u0142y Lider\u00f3w im. Zbigniewa Pe\u0142czy\u0144skiego Marcin Anaszewicz posiada wieloletnie do\u015bwiadczenie w administracji samorz\u0105dowej i rz\u0105dowej, zdobyte na stanowiskach specjalistycznych i kierowniczych, m.in. w Urz\u0119dzie Marsza\u0142kowskim w \u0141odzi oraz Agencji Rynku Rolnego, [&hellip;]<\/p>\n","protected":false},"author":1,"featured_media":29,"parent":0,"menu_order":0,"comment_status":"closed","ping_status":"closed","template":"","meta":{"footnotes":""},"class_list":["post-7","page","type-page","status-publish","has-post-thumbnail","hentry"],"blocksy_meta":[],"yoast_head":"<!-- This site is optimized with the Yoast SEO plugin v25.1 - https:\/\/yoast.com\/wordpress\/plugins\/seo\/ -->\n<title>dr Marcin Anaszewicz - anaszewicz.pl<\/title>\n<meta name=\"robots\" content=\"index, follow, max-snippet:-1, max-image-preview:large, max-video-preview:-1\" \/>\n<link rel=\"canonical\" href=\"https:\/\/anaszewicz.pl\/\" \/>\n<meta property=\"og:locale\" content=\"pl_PL\" \/>\n<meta property=\"og:type\" content=\"article\" \/>\n<meta property=\"og:title\" content=\"dr Marcin Anaszewicz - anaszewicz.pl\" \/>\n<meta property=\"og:description\" content=\"doktor nauk spo\u0142ecznych, prawnik, politolog Doktor nauk spo\u0142ecznych (Uniwersytet Warszawski), prawnik (Uniwersytet SWPS), politolog (Uniwersytet Warszawski), absolwent Zarz\u0105dzania Warto\u015bci\u0105 Firmy (Szko\u0142a G\u0142\u00f3wna Handlowa) oraz Szko\u0142y Lider\u00f3w im. Zbigniewa Pe\u0142czy\u0144skiego Marcin Anaszewicz posiada wieloletnie do\u015bwiadczenie w administracji samorz\u0105dowej i rz\u0105dowej, zdobyte na stanowiskach specjalistycznych i kierowniczych, m.in. w Urz\u0119dzie Marsza\u0142kowskim w \u0141odzi oraz Agencji Rynku Rolnego, [&hellip;]\" \/>\n<meta property=\"og:url\" content=\"https:\/\/anaszewicz.pl\/\" \/>\n<meta property=\"og:site_name\" content=\"anaszewicz.pl\" \/>\n<meta property=\"article:modified_time\" content=\"2025-05-22T11:24:44+00:00\" \/>\n<meta property=\"og:image\" content=\"https:\/\/anaszewicz.pl\/wp-content\/uploads\/2025\/05\/Heading.png\" \/>\n\t<meta property=\"og:image:width\" content=\"1080\" \/>\n\t<meta property=\"og:image:height\" content=\"1080\" \/>\n\t<meta property=\"og:image:type\" content=\"image\/png\" \/>\n<meta name=\"twitter:card\" content=\"summary_large_image\" \/>\n<meta name=\"twitter:label1\" content=\"Szacowany czas czytania\" \/>\n\t<meta name=\"twitter:data1\" content=\"2 minuty\" \/>\n<script type=\"application\/ld+json\" class=\"yoast-schema-graph\">{\"@context\":\"https:\/\/schema.org\",\"@graph\":[{\"@type\":\"WebPage\",\"@id\":\"https:\/\/anaszewicz.pl\/\",\"url\":\"https:\/\/anaszewicz.pl\/\",\"name\":\"dr Marcin Anaszewicz - anaszewicz.pl\",\"isPartOf\":{\"@id\":\"https:\/\/anaszewicz.pl\/#website\"},\"primaryImageOfPage\":{\"@id\":\"https:\/\/anaszewicz.pl\/#primaryimage\"},\"image\":{\"@id\":\"https:\/\/anaszewicz.pl\/#primaryimage\"},\"thumbnailUrl\":\"https:\/\/anaszewicz.pl\/wp-content\/uploads\/2025\/05\/Heading.png\",\"datePublished\":\"2025-04-25T13:56:02+00:00\",\"dateModified\":\"2025-05-22T11:24:44+00:00\",\"breadcrumb\":{\"@id\":\"https:\/\/anaszewicz.pl\/#breadcrumb\"},\"inLanguage\":\"pl-PL\",\"potentialAction\":[{\"@type\":\"ReadAction\",\"target\":[\"https:\/\/anaszewicz.pl\/\"]}]},{\"@type\":\"ImageObject\",\"inLanguage\":\"pl-PL\",\"@id\":\"https:\/\/anaszewicz.pl\/#primaryimage\",\"url\":\"https:\/\/anaszewicz.pl\/wp-content\/uploads\/2025\/05\/Heading.png\",\"contentUrl\":\"https:\/\/anaszewicz.pl\/wp-content\/uploads\/2025\/05\/Heading.png\",\"width\":1080,\"height\":1080},{\"@type\":\"BreadcrumbList\",\"@id\":\"https:\/\/anaszewicz.pl\/#breadcrumb\",\"itemListElement\":[{\"@type\":\"ListItem\",\"position\":1,\"name\":\"Strona g\u0142\u00f3wna\",\"item\":\"https:\/\/anaszewicz.pl\/\"},{\"@type\":\"ListItem\",\"position\":2,\"name\":\"dr Marcin Anaszewicz\"}]},{\"@type\":\"WebSite\",\"@id\":\"https:\/\/anaszewicz.pl\/#website\",\"url\":\"https:\/\/anaszewicz.pl\/\",\"name\":\"anaszewicz.pl\",\"description\":\"Dr Marcin Anaszewicz\",\"alternateName\":\"anaszewicz\",\"potentialAction\":[{\"@type\":\"SearchAction\",\"target\":{\"@type\":\"EntryPoint\",\"urlTemplate\":\"https:\/\/anaszewicz.pl\/?s={search_term_string}\"},\"query-input\":{\"@type\":\"PropertyValueSpecification\",\"valueRequired\":true,\"valueName\":\"search_term_string\"}}],\"inLanguage\":\"pl-PL\"}]}<\/script>\n<!-- \/ Yoast SEO plugin. -->","yoast_head_json":{"title":"dr Marcin Anaszewicz - anaszewicz.pl","robots":{"index":"index","follow":"follow","max-snippet":"max-snippet:-1","max-image-preview":"max-image-preview:large","max-video-preview":"max-video-preview:-1"},"canonical":"https:\/\/anaszewicz.pl\/","og_locale":"pl_PL","og_type":"article","og_title":"dr Marcin Anaszewicz - anaszewicz.pl","og_description":"doktor nauk spo\u0142ecznych, prawnik, politolog Doktor nauk spo\u0142ecznych (Uniwersytet Warszawski), prawnik (Uniwersytet SWPS), politolog (Uniwersytet Warszawski), absolwent Zarz\u0105dzania Warto\u015bci\u0105 Firmy (Szko\u0142a G\u0142\u00f3wna Handlowa) oraz Szko\u0142y Lider\u00f3w im. Zbigniewa Pe\u0142czy\u0144skiego Marcin Anaszewicz posiada wieloletnie do\u015bwiadczenie w administracji samorz\u0105dowej i rz\u0105dowej, zdobyte na stanowiskach specjalistycznych i kierowniczych, m.in. w Urz\u0119dzie Marsza\u0142kowskim w \u0141odzi oraz Agencji Rynku Rolnego, [&hellip;]","og_url":"https:\/\/anaszewicz.pl\/","og_site_name":"anaszewicz.pl","article_modified_time":"2025-05-22T11:24:44+00:00","og_image":[{"width":1080,"height":1080,"url":"https:\/\/anaszewicz.pl\/wp-content\/uploads\/2025\/05\/Heading.png","type":"image\/png"}],"twitter_card":"summary_large_image","twitter_misc":{"Szacowany czas czytania":"2 minuty"},"schema":{"@context":"https:\/\/schema.org","@graph":[{"@type":"WebPage","@id":"https:\/\/anaszewicz.pl\/","url":"https:\/\/anaszewicz.pl\/","name":"dr Marcin Anaszewicz - anaszewicz.pl","isPartOf":{"@id":"https:\/\/anaszewicz.pl\/#website"},"primaryImageOfPage":{"@id":"https:\/\/anaszewicz.pl\/#primaryimage"},"image":{"@id":"https:\/\/anaszewicz.pl\/#primaryimage"},"thumbnailUrl":"https:\/\/anaszewicz.pl\/wp-content\/uploads\/2025\/05\/Heading.png","datePublished":"2025-04-25T13:56:02+00:00","dateModified":"2025-05-22T11:24:44+00:00","breadcrumb":{"@id":"https:\/\/anaszewicz.pl\/#breadcrumb"},"inLanguage":"pl-PL","potentialAction":[{"@type":"ReadAction","target":["https:\/\/anaszewicz.pl\/"]}]},{"@type":"ImageObject","inLanguage":"pl-PL","@id":"https:\/\/anaszewicz.pl\/#primaryimage","url":"https:\/\/anaszewicz.pl\/wp-content\/uploads\/2025\/05\/Heading.png","contentUrl":"https:\/\/anaszewicz.pl\/wp-content\/uploads\/2025\/05\/Heading.png","width":1080,"height":1080},{"@type":"BreadcrumbList","@id":"https:\/\/anaszewicz.pl\/#breadcrumb","itemListElement":[{"@type":"ListItem","position":1,"name":"Strona g\u0142\u00f3wna","item":"https:\/\/anaszewicz.pl\/"},{"@type":"ListItem","position":2,"name":"dr Marcin Anaszewicz"}]},{"@type":"WebSite","@id":"https:\/\/anaszewicz.pl\/#website","url":"https:\/\/anaszewicz.pl\/","name":"anaszewicz.pl","description":"Dr Marcin Anaszewicz","alternateName":"anaszewicz","potentialAction":[{"@type":"SearchAction","target":{"@type":"EntryPoint","urlTemplate":"https:\/\/anaszewicz.pl\/?s={search_term_string}"},"query-input":{"@type":"PropertyValueSpecification","valueRequired":true,"valueName":"search_term_string"}}],"inLanguage":"pl-PL"}]}},"_links":{"self":[{"href":"https:\/\/anaszewicz.pl\/index.php?rest_route=\/wp\/v2\/pages\/7","targetHints":{"allow":["GET"]}}],"collection":[{"href":"https:\/\/anaszewicz.pl\/index.php?rest_route=\/wp\/v2\/pages"}],"about":[{"href":"https:\/\/anaszewicz.pl\/index.php?rest_route=\/wp\/v2\/types\/page"}],"author":[{"embeddable":true,"href":"https:\/\/anaszewicz.pl\/index.php?rest_route=\/wp\/v2\/users\/1"}],"replies":[{"embeddable":true,"href":"https:\/\/anaszewicz.pl\/index.php?rest_route=%2Fwp%2Fv2%2Fcomments&post=7"}],"version-history":[{"count":10,"href":"https:\/\/anaszewicz.pl\/index.php?rest_route=\/wp\/v2\/pages\/7\/revisions"}],"predecessor-version":[{"id":30,"href":"https:\/\/anaszewicz.pl\/index.php?rest_route=\/wp\/v2\/pages\/7\/revisions\/30"}],"wp:featuredmedia":[{"embeddable":true,"href":"https:\/\/anaszewicz.pl\/index.php?rest_route=\/wp\/v2\/media\/29"}],"wp:attachment":[{"href":"https:\/\/anaszewicz.pl\/index.php?rest_route=%2Fwp%2Fv2%2Fmedia&parent=7"}],"curies":[{"name":"wp","href":"https:\/\/api.w.org\/{rel}","templated":true}]}}